{"id":35,"date":"2026-02-17T20:24:53","date_gmt":"2026-02-17T20:24:53","guid":{"rendered":"https:\/\/roadtriptropiquesmartinique.com\/?page_id=35"},"modified":"2026-03-21T23:28:05","modified_gmt":"2026-03-21T23:28:05","slug":"location-de-moto-en-martinique","status":"publish","type":"page","link":"https:\/\/roadtriptropiquesmartinique.com\/index.php\/location-de-moto-en-martinique\/","title":{"rendered":"Location de Moto en Martinique"},"content":{"rendered":"\n<div class=\"wp-block-cover\" style=\"border-width:24px;border-top-left-radius:0px;border-top-right-radius:0px;border-bottom-left-radius:0px;border-bottom-right-radius:0px;margin-top:0;margin-bottom:0;padding-right:0;padding-left:0;font-size:0px;min-height:738px;aspect-ratio:unset;\"><img loading=\"lazy\" decoding=\"async\" width=\"1024\" height=\"1022\" class=\"wp-block-cover__image-background wp-image-341 size-large\" alt=\"\" src=\"http:\/\/roadtriptropiquesmartinique.com\/wp-content\/uploads\/2026\/03\/295aa05c-a0aa-445d-a245-cf5cc40147b1-1024x1022.jpg\" data-object-fit=\"cover\" srcset=\"https:\/\/roadtriptropiquesmartinique.com\/wp-content\/uploads\/2026\/03\/295aa05c-a0aa-445d-a245-cf5cc40147b1-1024x1022.jpg 1024w, https:\/\/roadtriptropiquesmartinique.com\/wp-content\/uploads\/2026\/03\/295aa05c-a0aa-445d-a245-cf5cc40147b1-300x300.jpg 300w, https:\/\/roadtriptropiquesmartinique.com\/wp-content\/uploads\/2026\/03\/295aa05c-a0aa-445d-a245-cf5cc40147b1-150x150.jpg 150w, https:\/\/roadtriptropiquesmartinique.com\/wp-content\/uploads\/2026\/03\/295aa05c-a0aa-445d-a245-cf5cc40147b1-768x767.jpg 768w, https:\/\/roadtriptropiquesmartinique.com\/wp-content\/uploads\/2026\/03\/295aa05c-a0aa-445d-a245-cf5cc40147b1.jpg 1200w\" sizes=\"auto, (max-width: 1024px) 100vw, 1024px\" \/><span aria-hidden=\"true\" class=\"wp-block-cover__background has-background-dim-20 has-background-dim\" style=\"background-color:#62756c\"><\/span><div class=\"wp-block-cover__inner-container is-layout-constrained wp-container-core-cover-is-layout-8798a6cd wp-block-cover-is-layout-constrained\">\n<p><\/p>\n\n\n\n<p class=\"has-text-align-center has-ast-global-color-4-color has-text-color has-link-color has-x-large-font-size wp-elements-fe697607cd1d645face2e720f85c2d48\">Location de Moto en Martinique<\/p>\n\n\n\n<p class=\"has-text-align-center has-ast-global-color-4-color has-text-color has-link-color has-x-large-font-size wp-elements-081aa11f6afd35ddff8cb1c966d06d08\">Libert\u00e9 &amp; Evasion<\/p>\n\n\n\n<div class=\"wp-block-buttons is-layout-flex wp-block-buttons-is-layout-flex\">\n<div class=\"wp-block-button has-custom-width wp-block-button__width-100\"><a class=\"wp-block-button__link wp-element-button\" href=\"https:\/\/wa.me\/33762832163?text=Bonjour%2C%20je%20souhaite%20obtenir%20des%20informations%20concernant%20la%20location%20de%20moto%20en%20Martinique.%20Pouvez-vous%20me%20renseigner%20sur%20les%20disponibilit%C3%A9s%20et%20tarifs%20%3F%20Merci.\">\ud83d\udc49 Demander les disponibilit\u00e9s<\/a><\/div>\n<\/div>\n<\/div><\/div>\n\n\n\n<p><\/p>\n\n\n\n<p><\/p>\n\n\n\n<p>\ud83c\udfcd\ufe0f Louez votre moto en Martinique facilement<\/p>\n\n\n\n<p>Explorez l\u2019\u00eele en toute libert\u00e9 avec nos motos fiables, confortables et pr\u00eates \u00e0 partir.<\/p>\n\n\n\n<p>Disponible \u00e0 partir de 3 jours pour une exp\u00e9rience compl\u00e8te et sans stress.<\/p>\n\n\n\n<div class=\"wp-block-buttons is-layout-flex wp-block-buttons-is-layout-flex\"><\/div>\n\n\n\n<p>\ud83c\udf34 Profitez pleinement de la Martinique<\/p>\n\n\n\n<p>Nos locations sont propos\u00e9es \u00e0 partir de 3 jours minimum afin de vous offrir une exp\u00e9rience immersive et agr\u00e9able.<\/p>\n\n\n\n<p>Prenez le temps de d\u00e9couvrir les plages, les routes panoramiques et les tr\u00e9sors cach\u00e9s de l\u2019\u00eele \u00e0 votre rythme.<\/p>\n\n\n\n<p>\u2705 Pourquoi choisir nos motos ?<\/p>\n\n\n\n<p>\u2714 Yamaha TDM 850 fiables et entretenues<br>\u2714 Confort id\u00e9al pour les longues balades<br>\u2714 Assistance en cas de besoin<br>\u2714 R\u00e9servation simple et rapide<\/p>\n\n\n\n<h2 class=\"wp-block-heading\">\ud83c\udfcd\ufe0f NOS MOTOS<\/h2>\n\n\n\n<h3 class=\"wp-block-heading\">Nos motos disponibles<\/h3>\n\n\n\n<p>\ud83c\udfcd\ufe0f Nos motos disponibles<\/p>\n\n\n\n<p>Nous avons fait le choix de vous proposer un mod\u00e8le unique, fiable et parfaitement adapt\u00e9 aux routes de la Martinique :<\/p>\n\n\n\n<p>\ud83d\udc49 Yamaha TDM 850<\/p>\n\n\n\n<p>\u2714 Confortable pour les longues balades<br>\u2714 Id\u00e9ale pour les routes sinueuses et les reliefs<br>\u2714 Polyvalente (ville, c\u00f4te, montagne)<br>\u2714 Puissante et s\u00e9curisante<\/p>\n\n\n\n<p>Cette moto est parfaite pour profiter pleinement de votre road trip en toute s\u00e9r\u00e9nit\u00e9.<\/p>\n\n\n\n<p>\u2b50 Pourquoi ce choix ?<\/p>\n\n\n\n<p>Nous avons s\u00e9lectionn\u00e9 la Yamaha TDM 850 pour sa fiabilit\u00e9, son confort et sa capacit\u00e9 \u00e0 s\u2019adapter \u00e0 tous les types de routes de l\u2019\u00eele.<\/p>\n\n\n\n<p>Pas de mauvaise surprise : une moto test\u00e9e, approuv\u00e9e et pr\u00eate \u00e0 vous emmener partout.<\/p>\n\n\n\n<p>\ud83d\udee0\ufe0f Comment louer une moto ?<\/p>\n\n\n\n<ol start=\"1\" class=\"wp-block-list\">\n<li>Contactez-nous (WhatsApp ou mail)<\/li>\n\n\n\n<li>Choisissez vos dates<\/li>\n\n\n\n<li>On organise la remise de la moto<\/li>\n\n\n\n<li>Profitez de votre road trip en toute libert\u00e9 !<\/li>\n<\/ol>\n\n\n\n<blockquote class=\"wp-block-quote is-layout-flow wp-block-quote-is-layout-flow\">\n<p><\/p>\n\n\n\n<h2 class=\"wp-block-heading\">\ud83d\udccb CONDITIONS DE LOCATION<\/h2>\n<\/blockquote>\n\n\n\n<p>Conditions principales<\/p>\n\n\n\n<p>\u2714 Permis moto valide (minimum 2 ans)<br>\u2714 Pi\u00e8ce d\u2019identit\u00e9<br>\u2714 Caution demand\u00e9e<br>\u2714 Respect des r\u00e8gles de s\u00e9curit\u00e9<\/p>\n\n\n\n<h2 class=\"wp-block-heading\">\ud83d\udee1\ufe0f S\u00c9CURIT\u00c9 &amp; ASSISTANCE<\/h2>\n\n\n\n<blockquote class=\"wp-block-quote is-layout-flow wp-block-quote-is-layout-flow\">\n<p>Votre s\u00e9curit\u00e9 est notre priorit\u00e9.<\/p>\n\n\n\n<p>Nous vous conseillons sur les itin\u00e9raires, les r\u00e8gles locales et restons disponibles en cas de besoin pendant toute votre location.<\/p>\n<\/blockquote>\n\n\n\n<p>\u2b50 Une exp\u00e9rience avant tout<\/p>\n\n\n\n<p>Nous sommes passionn\u00e9s de moto et de la Martinique.<\/p>\n\n\n\n<p>Notre objectif : vous faire vivre une exp\u00e9rience simple, s\u00e9curis\u00e9e et inoubliable.<\/p>\n\n\n\n<p>\ud83d\udc49 Pr\u00eat \u00e0 partir \u00e0 l\u2019aventure ?<\/p>\n\n\n\n<p>\ud83d\udcf2 Contactez-nous d\u00e8s maintenant pour r\u00e9server votre moto<\/p>\n\n\n\n<div class=\"wp-block-buttons is-layout-flex wp-block-buttons-is-layout-flex\">\n<div class=\"wp-block-button has-custom-width wp-block-button__width-100\"><a class=\"wp-block-button__link wp-element-button\" href=\"https:\/\/wa.me\/33762832163?text=Bonjour%2C%20je%20souhaite%20obtenir%20des%20informations%20concernant%20la%20location%20de%20moto%20en%20Martinique.%20Pouvez-vous%20me%20renseigner%20sur%20les%20disponibilit%C3%A9s%20et%20tarifs%20%3F%20Merci.\">\ud83d\udc49 <strong>Demander les disponibilit\u00e9s<\/strong><\/a><\/div>\n<\/div>\n\n\n\n<p><\/p>\n","protected":false},"excerpt":{"rendered":"<p>\ud83c\udfcd\ufe0f Louez votre moto en Martinique facilement Explorez l\u2019\u00eele en toute libert\u00e9 avec nos motos fiables, confortables et pr\u00eates \u00e0 [&hellip;]<\/p>\n","protected":false},"author":1,"featured_media":0,"parent":0,"menu_order":0,"comment_status":"closed","ping_status":"closed","template":"","meta":{"site-sidebar-layout":"default","site-content-layout":"","ast-site-content-layout":"default","site-content-style":"default","site-sidebar-style":"default","ast-global-header-display":"","ast-banner-title-visibility":"","ast-main-header-display":"","ast-hfb-above-header-display":"","ast-hfb-below-header-display":"","ast-hfb-mobile-header-display":"","site-post-title":"disabled","ast-breadcrumbs-content":"","ast-featured-img":"","footer-sml-layout":"","ast-disable-related-posts":"","theme-transparent-header-meta":"","adv-header-id-meta":"","stick-header-meta":"","header-above-stick-meta":"","header-main-stick-meta":"","header-below-stick-meta":"","astra-migrate-meta-layouts":"default","ast-page-background-enabled":"default","ast-page-background-meta":{"desktop":{"background-color":"var(--ast-global-color-5)","background-image":"","background-repeat":"repeat","background-position":"center center","background-size":"auto","background-attachment":"scroll","background-type":"","background-media":"","overlay-type":"","overlay-color":"","overlay-opacity":"","overlay-gradient":""},"tablet":{"background-color":"","background-image":"","background-repeat":"repeat","background-position":"center center","background-size":"auto","background-attachment":"scroll","background-type":"","background-media":"","overlay-type":"","overlay-color":"","overlay-opacity":"","overlay-gradient":""},"mobile":{"background-color":"","background-image":"","background-repeat":"repeat","background-position":"center center","background-size":"auto","background-attachment":"scroll","background-type":"","background-media":"","overlay-type":"","overlay-color":"","overlay-opacity":"","overlay-gradient":""}},"ast-content-background-meta":{"desktop":{"background-color":"var(--ast-global-color-4)","background-image":"","background-repeat":"repeat","background-position":"center center","background-size":"auto","background-attachment":"scroll","background-type":"","background-media":"","overlay-type":"","overlay-color":"","overlay-opacity":"","overlay-gradient":""},"tablet":{"background-color":"var(--ast-global-color-4)","background-image":"","background-repeat":"repeat","background-position":"center center","background-size":"auto","background-attachment":"scroll","background-type":"","background-media":"","overlay-type":"","overlay-color":"","overlay-opacity":"","overlay-gradient":""},"mobile":{"background-color":"var(--ast-global-color-4)","background-image":"","background-repeat":"repeat","background-position":"center center","background-size":"auto","background-attachment":"scroll","background-type":"","background-media":"","overlay-type":"","overlay-color":"","overlay-opacity":"","overlay-gradient":""}},"footnotes":""},"class_list":["post-35","page","type-page","status-publish","hentry"],"_links":{"self":[{"href":"https:\/\/roadtriptropiquesmartinique.com\/index.php\/wp-json\/wp\/v2\/pages\/35","targetHints":{"allow":["GET"]}}],"collection":[{"href":"https:\/\/roadtriptropiquesmartinique.com\/index.php\/wp-json\/wp\/v2\/pages"}],"about":[{"href":"https:\/\/roadtriptropiquesmartinique.com\/index.php\/wp-json\/wp\/v2\/types\/page"}],"author":[{"embeddable":true,"href":"https:\/\/roadtriptropiquesmartinique.com\/index.php\/wp-json\/wp\/v2\/users\/1"}],"replies":[{"embeddable":true,"href":"https:\/\/roadtriptropiquesmartinique.com\/index.php\/wp-json\/wp\/v2\/comments?post=35"}],"version-history":[{"count":23,"href":"https:\/\/roadtriptropiquesmartinique.com\/index.php\/wp-json\/wp\/v2\/pages\/35\/revisions"}],"predecessor-version":[{"id":339,"href":"https:\/\/roadtriptropiquesmartinique.com\/index.php\/wp-json\/wp\/v2\/pages\/35\/revisions\/339"}],"wp:attachment":[{"href":"https:\/\/roadtriptropiquesmartinique.com\/index.php\/wp-json\/wp\/v2\/media?parent=35"}],"curies":[{"name":"wp","href":"https:\/\/api.w.org\/{rel}","templated":true}]}}